s and i?
13
Suppose 0*m + 3*m - 54 = 0. Let v(q) = -2*q**3 + 16*q**2 - 12*q - 12. Let l = -929 - -936. Let a be v(l). Calculate the greatest common factor of m and a.
2
Suppose -12*l - 21*l = -0*l - 67716. Calculate the greatest common factor of 152 and l.
76
Let g be (-14)/119 - 715*6/(-51). Calculate the highest common divisor of 3612 and g.
84
Let i be 2/(-8) - 313/(-4). Let f = 4494 - 4377. Calculate the highest common factor of i and f.
39
Suppose 5*r - 58 = -s, -919*r + 48 = 3*s - 922*r. Calculate the highest common divisor of s and 19067.
23
Suppose -6942*j - 9720 = -6952*j. What is the greatest common divisor of 756 and j?
108
Let m(s) = -2*s**2 - 92*s + 24. Let d be m(-46). What is the greatest common divisor of d and 26520?
24
Suppose -l + 5*v + 231 = 0, 3*l + 5*v - 6*v - 693 = 0. Let m = 324 - l. Calculate the greatest common divisor of 341 and m.
31
Let y = -33 + 35. Suppose -3*j + y = -34. Let f be 6*(-3)/j*-6. What is the highest common factor of f and 36?
9
Suppose 8*m + 1827 - 3411 = 0. What is the greatest common divisor of m and 1210?
22
Suppose -32 = -16*n + 640. Suppose -3*j + 63 = -0*j. Suppose -n = -j*c + 18*c. Calculate the greatest common factor of 126 and c.
14
Suppose 5*v = o + 32 - 28, o = -2*v - 4. Let g be 3740/140 - o/14. Suppose -4*b + 436 = u, 2*u = -0*u + 8. What is the greatest common factor of g and b?
27
Suppose 0 = 4*x - 2*x - 18. Suppose -7*t - 80 = -x*t. Let d be (-360)/(-42)*(-1)/1*-14. Calculate the highest common factor of t and d.
40
Suppose 52*k + 11*k - 8*k = 1925. What is the greatest common factor of k and 55?
5
Let b = -21761 + 22261. What is the highest common divisor of 280 and b?
20
Let p(u) = 145*u - 12860. Let h be p(89). Calculate the greatest common divisor of 745 and h.
5
Suppose -10*h = -16*h + 294. Let f be (-28)/8*(-420)/h. What is the highest common factor of f and 135?
15
Let b(q) = -20*q**3 - 12*q**2 + 7*q + 61. Let w be b(-4). Calculate the greatest common divisor of w and 177.
59
Let f be 2372 + (-3 - (8 - 10 - 7)). Calculate the highest common factor of 1566 and f.
58
Let n(i) = -27*i - 882. Let v be n(-46). Calculate the highest common divisor of 10 and v.
10
Let s be (33/(-18))/((7 - 15)/144). What is the greatest common divisor of 78 and s?
3
Let o = 75 + -134. Let v = o + 212. What is the greatest common factor of v and 17?
17
Let b be (8/(-6))/((-63)/3402). What is the highest common factor of 2250 and b?
18
Let v(w) = w**2 + 13. Suppose -3*j - 123 = -5*r, 2*j = 5*j + 4*r + 123. Let a = -41 - j. Let n be v(a). What is the highest common factor of 39 and n?
13
Let d = 461 + -117. Let r be (12/(-7))/(6 + 696/(-112)). What is the highest common divisor of r and d?
8
Let p be -5 - ((-2)/3)/((-4)/(-1086)). Suppose -p = 33*z - 37*z. Calculate the greatest common factor of z and 352.
44
Suppose 4*g + h - 1520 - 1730 = 0, -3238 = -4*g - 3*h. What is the highest common divisor of 22 and g?
22
Let p be (9/6)/(-3) - -2*(-690)/(-8). What is the greatest common factor of 215 and p?
43
Suppose 2 = t - k, 252*t - 248*t - 26 = k. Calculate the highest common divisor of t and 11848.
8
Let k(b) = -2*b**2 + 46*b + 22. Let d(h) = -h**2 - 11*h - 7. Let a be d(-5). Let n be k(a). Calculate the highest common factor of n and 66.
22
Let m be (32/(-12))/(4/(-6)). Suppose m*j = 4 - 0. Let n(a) = 10*a - 69. Let o be n(7). What is the highest common factor of o and j?
1
Suppose 0 = 4*w + 5*y - 7945, 2047 - 7982 = -3*w + y. What is the highest common factor of w and 108?
36
Suppose 28*a + 0*a - 564 = -19*a. What is the highest common factor of 66 and a?
6
Suppose -77*g = -91*g + 28. Suppose -g*r = -114 + 14. Calculate the highest common divisor of 10 and r.
10
Let z be 0 + 63 + 0/2. Suppose -11*o + 646 = 23*o. Suppose -2*q = v - 0*q - o, 3*v - 47 = -4*q. Calculate the highest common factor of v and z.
9
Suppose -5*z + 2*d + 33 = 0, 12 = 2*z + 15*d - 17*d. Let a be 1/z - (-6806)/574. Calculate the greatest common divisor of a and 96.
12
Let g = -370 + 531. Suppose 22*a = 311*a - 4046. Calculate the greatest common divisor of g and a.
7
Suppose 5512 = m + s + 5498, 4*m = 4*s + 72. Let b be -2 - (-1 - -2)*-258. What is the highest common divisor of b and m?
16
Suppose -218 = -320*b + 211*b. Calculate the greatest common factor of b and 4154.
2
Suppose 127*a = 71*a + 1680. Calculate the highest common divisor of 2445 and a.
15
Suppose -23*x = -20*x + 11*x - 630. Calculate the highest common factor of 12285 and x.
45
Suppose 12*c = 17*c + 5*l - 265, 210 = 4*c + 2*l. Let g be (-576)/1056 - (-2008)/11. What is the highest common divisor of c and g?
26
Let i be ((-132)/(-110))/(1/(-50)*-1). Let p be -2*28/12*i/(-14). What is the greatest common factor of p and 80?
20
Suppose -13*j = 8826 - 9918. Calculate the highest common factor of j and 882.
42
Let v be (-2787)/(-6) + (-2)/4. Suppose 0 = -4*b + 2*o + 454, -4*b + 4*o = -0*b - v. Calculate the highest common divisor of b and 37.
37
Suppose 4*v + 20 = 100. Let s = 90 + -80. Let q be v/6*414/s. What is the highest common divisor of q and 23?
23
Let v = 31157 - 30968. Suppose -39 - 15 = -2*n. What is the highest common divisor of v and n?
27
Suppose -s - 211 = -2*y, -4*y + 17*s = 22*s - 429. What is the highest common divisor of y and 74?
2
Let v be (80/5)/(((-15)/5)/(-3)). Suppose -2*q - 2*q + 4*j + 468 = 0, -570 = -5*q + 2*j. What is the highest common divisor of q and v?
16
Let u(a) = -a**2 + 21*a + 94. Let r be u(25). Let p be (680/(-119))/((r/(-14))/(-3)). What is the greatest common divisor of 160 and p?
40
Suppose 210*l - 213*l = 1026. Let a = 352 + l. What is the greatest common factor of 640 and a?
10
Let x(r) = -r**2 + 14*r - 29. Let u be x(7). Suppose 18*j + 1348 = 18268. What is the greatest common divisor of j and u?
20
Let r be ((-12)/2)/((-11)/22). Let y be ((-18)/(-15))/(142/355). What is the greatest common divisor of r and y?
3
Suppose -78*x = -42*x - 25*x - 3971. What is the highest common factor of 38 and x?
19
Suppose 5*b + 35 = 5*x, -3 = -4*x - 5*b + 25. Suppose x*w - 15*w = -32. What is the highest common factor of 20 and w?
4
Suppose 2*k + 0*k = 144. Let b = 319 + -208. Let x = b - 63. Calculate the greatest common factor of k and x.
24
Let y = 0 - 8. Let w(u) = 2*u**2 + u - 10. Let o be w(y). Let m = 30 + -8. Calculate the greatest common divisor of o and m.
22
Let v = 319 - 323. Let p(b) = -13*b - 42. Let m be p(v). Calculate the greatest common divisor of m and 10.
10
Let b = 52 + 28. Let p(s) = -17178*s - 85170. Let t be p(-5). Calculate the highest common factor of b and t.
80
Let g be (448/12)/(-8)*(-6)/4. Suppose -744 = g*t - 10*t. Suppose 0 = -4*o - 2*c + 122, c = -2*o + 4*c + 65. What is the highest common factor of t and o?
31
Let u = 11 - 18. Let l = 9 + u. Let v = 82 - l. What is the highest common factor of 10 and v?
10
Let h be (-861)/(-4) - (-1)/(-4). Let k = 223 - h. Calculate the greatest common divisor of 424 and k.
8
Let u be (-2)/4 + (-105)/2. Let n = u + 55. Let l be ((-2)/5)/(1/(-5*n)). What is the greatest common factor of l and 36?
4
Let w = -621 - -899. Calculate the highest common divisor of w and 10.
2
Let s(d) = -128*d - 3784. Let w be s(-30). What is the highest common divisor of 14 and w?
14
Suppose -19410 = -36*q + 21*q. Suppose q + 4052 = 9*p. Calculate the highest common factor of p and 33.
33
Let i = 130 - -240. Suppose -7*n = 412 - 482. Calculate the greatest common factor of n and i.
10
Suppose -5*y + 0*y = -9*y. Suppose y = -8*f + 18 + 30. Let u be 39/2*((-16)/3 + f). What is the highest common factor of u and 13?
13
Let h(g) = 64*g + 880. Let k be h(-12). Calculate the highest common divisor of k and 21.
7
Let k be (-1 - (-26)/6)*(918 + -906). What is the greatest common divisor of 4100 and k?
20
Let k(y) = -252*y + 3553. Let p be k(14). Suppose 4*v - 10 = 30. What is the greatest common divisor of v and p?
5
Let j be 2280/(-75)*(-6 + 198/(-12)). Calculate the greatest common divisor of 38 and j.
38
Suppose -4*i - 12 = -2*p, -38*i + 41*i - 69 = -5*p. What is the greatest common factor of p and 1692?
12
Let h(g) = 2*g - 18. Let r be h(11). Suppose r*b - 2*y = 64, -80 = 4*b - 9*b + 5*y. Let t = 29 + b. What is the greatest common factor of 10 and t?
5
Suppose 15635 = 2*y - 5*v, -26132 = -5*y - 3*v +